n 247 is divided by 132.
115
Calculate the remainder when 375 is divided by 42.
39
What is the remainder when 33 is divided by 12?
9
Calculate the remainder when 133 is divided by 66.
1
Calculate the remainder when 63 is divided by 4.
3
Calculate the remainder when 231 is divided by 109.
13
Calculate the remainder when 115 is divided by 21.
10
Calculate the remainder when 1754 is divided by 117.
116
What is the remainder when 3796 is divided by 292?
0
Calculate the remainder when 32767 is divided by 113.
110
What is the remainder when 1731 is divided by 51?
48
What is the remainder when 25 is divided by 17?
8
Calculate the remainder when 782 is divided by 253.
23
What is the remainder when 5167 is divided by 83?
21
Calculate the remainder when 348 is divided by 27.
24
What is the remainder when 6973 is divided by 11?
10
What is the remainder when 1221 is divided by 26?
25
What is the remainder when 772 is divided by 19?
12
What is the remainder when 220 is divided by 29?
17
Calculate the remainder when 100 is divided by 71.
29
Calculate the remainder when 248 is divided by 10.
8
Calculate the remainder when 267 is divided by 68.
63
Calculate the remainder when 143 is divided by 12.
11
Calculate the remainder when 95 is divided by 23.
3
What is the remainder when 8207 is divided by 228?
227
What is the remainder when 286 is divided by 167?
119
What is the remainder when 1703 is divided by 399?
107
What is the remainder when 19 is divided by 7?
5
Calculate the remainder when 474 is divided by 34.
32
Calculate the remainder when 1042 is divided by 54.
16
What is the remainder when 390 is divided by 20?
10
What is the remainder when 1051 is divided by 27?
25
Calculate the remainder when 99 is divided by 5.
4
What is the remainder when 1377 is divided by 188?
61
What is the remainder when 19753 is divided by 22?
19
What is the remainder when 144 is divided by 45?
9
What is the remainder when 363 is divided by 73?
71
Calculate the remainder when 74 is divided by 48.
26
Calculate the remainder when 5957 is divided by 9.
8
What is the remainder when 381 is divided by 35?
31
What is the remainder when 437 is divided by 110?
107
Calculate the remainder when 206 is divided by 80.
46
Calculate the remainder when 561 is divided by 194.
173
Calculate the remainder when 132 is divided by 46.
40
Calculate the remainder when 1886 is divided by 42.
38
What is the remainder when 1898 is divided by 469?
22
Calculate the remainder when 209 is divided by 73.
63
Calculate the remainder when 554 is divided by 170.
44
What is the remainder when 232 is divided by 31?
15
Calculate the remainder when 3253 is divided by 37.
34
Calculate the remainder when 347 is divided by 45.
32
What is the remainder when 1146 is divided by 191?
0
Calculate the remainder when 1058 is divided by 59.
55
What is the remainder when 261 is divided by 68?
57
Calculate the remainder when 17353 is divided by 15.
13
Calculate the remainder when 763 is divided by 85.
83
What is the remainder when 312 is divided by 16?
8
Calculate the remainder when 12 is divided by 10.
2
Calculate the remainder when 1629 is divided by 233.
231
What is the remainder when 66 is divided by 24?
18
Calculate the remainder when 161 is divided by 82.
79
Calculate the remainder when 1588 is divided by 43.
40
What is the remainder when 2982 is divided by 595?
7
Calculate the remainder when 789 is divided by 2.
1
Calculate the remainder when 139 is divided by 5.
4
What is the remainder when 63 is divided by 22?
19
Calculate the remainder when 273 is divided by 90.
3
What is the remainder when 491 is divided by 217?
57
What is the remainder when 248 is divided by 71?
35
What is the remainder when 419 is divided by 68?
11
What is the remainder when 806 is divided by 30?
26
Calculate the remainder when 34 is divided by 10.
4
Calculate the remainder when 656 is divided by 15.
11
What is the remainder when 1337 is divided by 11?
6
What is the remainder when 2277 is divided by 34?
33
Calculate the remainder when 584 is divided by 35.
24
Calculate the remainder when 1243 is divided by 211.
188
Calculate the remainder when 614 is divided by 198.
20
Calculate the remainder when 1042 is divided by 343.
13
What is the remainder when 1434 is divided by 102?
6
Calculate the remainder when 1873 is divided by 25.
23
What is the remainder when 161 is divided by 63?
35
Calculate the remainder when 94 is divided by 34.
26
What is the remainder when 22 is divided by 9?
4
What is the remainder when 845 is divided by 63?
26
Calculate the remainder when 144 is divided by 30.
24
What is the remainder when 2685 is divided by 331?
37
Calculate the remainder when 25049 is divided by 25.
24
What is the remainder when 3813 is divided by 166?
161
What is the remainder when 84 is divided by 38?
8
What is the remainder when 2824 is divided by 10?
4
Calculate the remainder when 504 is divided by 169.
166
What is the remainder when 123 is divided by 38?
9
What is the remainder when 586 is divided by 12?
10
Calculate the remainder when 766 is divided by 96.
94
What is the remainder when 1421 is divided by 8?
5
Calculate the remainder when 264 is divided by 26.
4
What is the remainder when 450 is divided by 47?
27
What is the remainder when 228 is divided by 78?
72
What is the remainder when 123 is divided by 31?
30
What is the remainder when 243 is divided by 90?
63
What is the remainder when 520 is divided by 87?
85
Calculate the remainder when 75 is divided by 40.
35
Calculate the remainder when 3250 is divided by 810.
10
What is the remainder when 83 is divided by 73?
10
Calculate the remainder when 438 is divided by 49.
46
Calculate the remainder when 1493 is divided by 114.
11
What is the remainder when 2264 is divided by 11?
9
Calculate the remainder when 2695 is divided by 150.
145
What is the remainder when 70 is divided by 26?
18
Calculate the remainder when 114 is divided by 13.
10
What is the remainder when 158 is divided by 142?
16
What is the remainder when 1844 is divided by 18?
8
Calculate the remainder when 3031 is divided by 82.
79
Calculate the remainder when 543 is divided by 32.
31
What is the remainder when 202 is divided by 5?
2
What is the remainder when 20331 is divided by 49?
45
What is the remainder when 76 is divided by 28?
20
Calculate the remainder when 218 is divided by 32.
26
Calculate the remainder when 470 is divided by 40.
30
Calculate the remainder when 36 is divided by 9.
0
Calculate the remainder when 9869 is divided by 105.
104
Calculate the remainder when 1916 is divided by 25.
16
What is the remainder when 594 is divided by 142?
26
What is the remainder when 188 is divided by 40?
28
Calculate the remainder when 308 is divided by 81.
65
What is the remainder when 18422 is divided by 47?
45
What is the remainder when 1518 is divided by 8?
6
Calculate the remainder when 4911 is divided by 273.
270
What is the remainder when 199 is divided by 29?
25
What is the remainder when 246 is divided by 64?
54
What is the remainder when 11679 is divided by 40?
39
Calculate the remainder when 59 is divided by 16.
11
What is the remainder when 2573 is divided by 87?
50
Calculate the remainder when 401 is divided by 134.
133
Calculate the remainder when 39 is divided by 9.
3
Calculate the remainder when 2537 is divided by 18.
17
What is the remainder when 1549 is divided by 96?
13
What is the remainder when 43 is divided by 10?
3
Calculate the remainder when 96 is divided by 34.
28
Calculate the remainder when 175 is divided by 62.
51
Calculate the remainder when 67 is divided by 35.
32
Calculate the remainder when 855 is divided by 3.
0
What is the remainder when 304 is divided by 33?
7
What is the remainder when 123 is divided by 15?
3
What is the remainder when 396 is divided by 28?
4
What is the remainder when 175 is divided by 88?
87
What is the remainder when 35176 is divided by 66?
64
Calculate the remainder when 2687 is divided by 12.
11
What is the remainder when 15546 is divided by 5177?
15
Calculate the remainder when 339 is divided by 57.
54
What is the remainder when 250 is divided by 56?
26
What is the remainder when 42 is divided by 18?
6
Calculate the remainder when 744 is divided by 46.
8
Calculate the remainder 